{"id":1430,"date":"2021-12-27T20:12:25","date_gmt":"2021-12-27T19:12:25","guid":{"rendered":"https:\/\/douceurduson.com\/?page_id=1430"},"modified":"2024-09-17T14:10:16","modified_gmt":"2024-09-17T12:10:16","slug":"what-we-do-1","status":"publish","type":"page","link":"https:\/\/douceurduson.com\/?page_id=1430","title":{"rendered":"Location de salles"},"content":{"rendered":"<p><div class=\"fusion-fullwidth fullwidth-box fusion-builder-row-1 fusion-flex-container nonhundred-percent-fullwidth non-hundred-percent-height-scrolling\" style=\"--awb-border-radius-top-left:0px;--awb-border-radius-top-right:0px;--awb-border-radius-bottom-right:0px;--awb-border-radius-bottom-left:0px;--awb-flex-wrap:wrap;\" ><div class=\"fusion-builder-row fusion-row fusion-flex-align-items-flex-start fusion-flex-content-wrap\" style=\"max-width:1216.8px;margin-left: calc(-4% \/ 2 );margin-right: calc(-4% \/ 2 );\"><div class=\"fusion-layout-column fusion_builder_column fusion-builder-column-0 fusion_builder_column_1_2 1_2 fusion-flex-column\" style=\"--awb-bg-size:cover;--awb-width-large:50%;--awb-margin-top-large:0px;--awb-spacing-right-large:3.84%;--awb-margin-bottom-large:20px;--awb-spacing-left-large:3.84%;--awb-width-medium:100%;--awb-order-medium:0;--awb-spacing-right-medium:1.92%;--awb-spacing-left-medium:1.92%;--awb-width-small:100%;--awb-order-small:0;--awb-spacing-right-small:1.92%;--awb-spacing-left-small:1.92%;\"><div class=\"fusion-column-wrapper fusion-column-has-shadow fusion-flex-justify-content-flex-start fusion-content-layout-column\">\t\t\t\t\t<div class=\"fusion-slider-container fusion-slider-sc-salle-1 fusion-slider-28 full-width-slider\" style=\"height:400px; max-width:100%;\" data-id=\"28\" data-full_height=\"\">\n\t\t\t\t\t\t<style type=\"text\/css\">.fusion-slider-28 .flex-direction-nav a {width:63px;height:63px;line-height:63px;font-size:25px;}<\/style>\t\t\t\t\t\t<div class=\"fusion-slider-loading\">Loading...<\/div>\n\t\t\t\t\t\t<div class=\"tfs-slider flexslider main-flex full-width-slider\" data-slider_width=\"100%\" data-slider_height=\"400px\" data-full_screen=\"0\" data-parallax=\"0\" data-nav_arrows=\"1\" data-nav_arrow_size=\"25px\" data-nav_box_width=\"63px\" data-nav_box_height=\"63px\" data-slideshow_speed=\"7000\" data-loop=\"0\" data-autoplay=\"1\" data-orderby=\"date\" data-order=\"DESC\" data-animation=\"fade\" data-animation_speed=\"600\" data-typo_sensitivity=\"1\" data-typo_factor=\"1.5\" style=\"max-width:100%;\">\n\t\t\t\t\t\t\t<ul class=\"slides\">\n\t\t\t\t\t\t\t\t\t\t\t\t\t\t\t\t\t<li data-mute=\"yes\" data-loop=\"yes\" data-autoplay=\"yes\">\n\t\t\t\t\t\t\t\t\t\t<div class=\"slide-content-container slide-content-left\" style=\"display: none;\">\n\t\t\t\t\t\t\t\t\t\t\t<div class=\"slide-content\" style=\"\">\n\t\t\t\t\t\t\t\t\t\t\t\t\t\t\t\t\t\t\t\t\t\t\t\t\t\t\t\t\t\t\t\t\t\t\t\t\t\t\t\t\t\t\t\t\t\t\t\t\t<div class=\"buttons\" >\n\t\t\t\t\t\t\t\t\t\t\t\t\t\t\t\t\t\t\t\t\t\t\t\t\t\t\t\t\t\t\t\t\t\t\t\t\t\t\t\t\t<\/div>\n\t\t\t\t\t\t\t\t\t\t\t\t\t\t\t\t\t\t\t\t\t\t\t<\/div>\n\t\t\t\t\t\t\t\t\t\t<\/div>\n\t\t\t\t\t\t\t\t\t\t\t\t\t\t\t\t\t\t\t\t\t\t\t\t\t\t\t\t\t\t\t\t\t\t\t\t\t\t\t\t<div class=\"background background-image\" style=\"background-image: url(https:\/\/douceurduson.com\/wp-content\/uploads\/2021\/10\/Salle-3-scaled.jpg);max-width:100%;height:400px;filter: progid:DXImageTransform.Microsoft.AlphaImageLoader(src='https:\/\/douceurduson.com\/wp-content\/uploads\/2021\/10\/Salle-3-scaled.jpg', sizingMethod='scale');\" data-imgwidth=\"2560\">\n\t\t\t\t\t\t\t\t\t\t\t\t\t\t\t\t\t\t\t\t\t\t\t\t\t\t\t\t\t\t\t\t\t\t\t\t\t\t\t\t\t\t\t\t\t\t\t\t\t\t\t\t\t\t\t\t\t\t\t\t\t\t\t\t\t\t<\/div>\n\t\t\t\t\t\t\t\t\t<\/li>\n\t\t\t\t\t\t\t\t\t\t\t\t\t\t\t\t\t\t\t\t\t\t\t<\/ul>\n\t\t\t\t\t\t<\/div>\n\t\t\t\t\t<\/div>\n\t\t\t\t\t\t\t\t<div class=\"fusion-separator fusion-full-width-sep\" style=\"align-self: center;margin-left: auto;margin-right: auto;width:100%;\"><div class=\"fusion-separator-border sep-double\" style=\"--awb-height:20px;--awb-amount:20px;border-color:#e0dede;border-top-width:1px;border-bottom-width:1px;\"><\/div><\/div><div class=\"fusion-text fusion-text-1\" style=\"--awb-text-transform:none;\"><p><em>50 m\u00b2 avec parquet \u00e0 votre disposition<\/em><\/p>\n<\/div>\t\t\t\t\t<div class=\"fusion-slider-container fusion-slider-sc-salle-2 fusion-slider-29 full-width-slider\" style=\"height:300px; max-width:100%;\" data-id=\"29\" data-full_height=\"\">\n\t\t\t\t\t\t<style type=\"text\/css\">.fusion-slider-29 .flex-direction-nav a {}<\/style>\t\t\t\t\t\t<div class=\"fusion-slider-loading\">Loading...<\/div>\n\t\t\t\t\t\t<div class=\"tfs-slider flexslider main-flex full-width-slider\" data-slider_width=\"100%\" data-slider_height=\"300px\" data-full_screen=\"0\" data-parallax=\"0\" data-nav_arrows=\"0\" data-loop=\"0\" data-autoplay=\"1\" data-orderby=\"date\" data-order=\"DESC\" data-animation=\"fade\" style=\"max-width:100%;\">\n\t\t\t\t\t\t\t<ul class=\"slides\">\n\t\t\t\t\t\t\t\t\t\t\t\t\t\t\t\t\t<li data-mute=\"yes\" data-loop=\"yes\" data-autoplay=\"yes\">\n\t\t\t\t\t\t\t\t\t\t<div class=\"slide-content-container slide-content-left\" style=\"display: none;\">\n\t\t\t\t\t\t\t\t\t\t\t<div class=\"slide-content\" style=\"\">\n\t\t\t\t\t\t\t\t\t\t\t\t\t\t\t\t\t\t\t\t\t\t\t\t\t\t\t\t\t\t\t\t\t\t\t\t\t\t\t\t\t\t\t\t\t\t\t\t\t<div class=\"buttons\" >\n\t\t\t\t\t\t\t\t\t\t\t\t\t\t\t\t\t\t\t\t\t\t\t\t\t\t\t\t\t\t\t\t\t\t\t\t\t\t\t\t\t<\/div>\n\t\t\t\t\t\t\t\t\t\t\t\t\t\t\t\t\t\t\t\t\t\t\t<\/div>\n\t\t\t\t\t\t\t\t\t\t<\/div>\n\t\t\t\t\t\t\t\t\t\t\t\t\t\t\t\t\t\t\t\t\t\t\t\t\t\t\t\t\t\t\t\t\t\t\t\t\t\t\t\t<div class=\"background background-image\" style=\"background-image: url(https:\/\/douceurduson.com\/wp-content\/uploads\/2021\/10\/Salle-scaled.jpg);max-width:100%;height:300px;filter: progid:DXImageTransform.Microsoft.AlphaImageLoader(src='https:\/\/douceurduson.com\/wp-content\/uploads\/2021\/10\/Salle-scaled.jpg', sizingMethod='scale');\" data-imgwidth=\"2560\">\n\t\t\t\t\t\t\t\t\t\t\t\t\t\t\t\t\t\t\t\t\t\t\t\t\t\t\t\t\t\t\t\t\t\t\t\t\t\t\t\t\t\t\t\t\t\t\t\t\t\t\t\t\t\t\t\t\t\t\t\t\t\t\t\t\t\t<\/div>\n\t\t\t\t\t\t\t\t\t<\/li>\n\t\t\t\t\t\t\t\t\t\t\t\t\t\t\t\t\t\t\t\t\t\t\t<\/ul>\n\t\t\t\t\t\t<\/div>\n\t\t\t\t\t<\/div>\n\t\t\t\t\t\t\t\t<div class=\"fusion-text fusion-text-2\" style=\"--awb-text-transform:none;\"><\/div><\/div><\/div><div class=\"fusion-layout-column fusion_builder_column fusion-builder-column-1 fusion_builder_column_1_2 1_2 fusion-flex-column\" style=\"--awb-bg-size:cover;--awb-width-large:50%;--awb-margin-top-large:0px;--awb-spacing-right-large:3.84%;--awb-margin-bottom-large:20px;--awb-spacing-left-large:3.84%;--awb-width-medium:100%;--awb-order-medium:0;--awb-spacing-right-medium:1.92%;--awb-spacing-left-medium:1.92%;--awb-width-small:100%;--awb-order-small:0;--awb-spacing-right-small:1.92%;--awb-spacing-left-small:1.92%;\"><div class=\"fusion-column-wrapper fusion-column-has-shadow fusion-flex-justify-content-flex-start fusion-content-layout-column\"><div class=\"fusion-text fusion-text-3\" style=\"--awb-text-transform:none;\"><h2>Loue grande salle de 50 m\u00b2<\/h2>\n<p>\u00e0 Li\u00e8ge &#8211; Cointe (Belgique) Rue des Bruy\u00e8res, 4.<\/p>\n<p>Le lieu avec ses miroirs, son parquet fra\u00eechement r\u00e9nov\u00e9 ! et ses grandes fen\u00eatres est r\u00e9serv\u00e9 \u00e0 des <span style=\"color: var(--h3_typography-color); font-family: var(--h3_typography-font-family); font-size: var(--h3_typography-font-size); font-style: var(--h3_typography-font-style,normal); font-weight: var(--h3_typography-font-weight); letter-spacing: var(--h3_typography-letter-spacing); background-color: rgba(255, 255, 255, 0);\">activit\u00e9s calmes<\/span><\/p>\n<h3>Proche de la gare TGV des Guillemins<\/h3>\n<ul>\n<li>Ligne de bus directe (TEC 20 Bruy\u00e8res)<\/li>\n<li>Parking \u00e0 proximit\u00e9<\/li>\n<\/ul>\n<h3><strong>Equipements : <\/strong><\/h3>\n<ul>\n<li>Grands miroirs muraux (occultables)<\/li>\n<li>Grandes baies vitr\u00e9es<\/li>\n<li>D\u00e9tecteur de Co\u00b2 <\/li>\n<li>Chauffage en hivers entre 19\u00b0 et 21\u00b0 selon les activit\u00e9s<\/li>\n<li>Pi\u00e8ce annexe avec mat\u00e9riel \u00e0 disposition : tapis (y compris de yoga), coussins, couvertures&#8230;<\/li>\n<li>WC ext\u00e9rieur.<\/li>\n<li>En \u00e9t\u00e9 : possibilit\u00e9 d&rsquo;acc\u00e9der au jardin (grande terrasse et terrain gazonn\u00e9) clos et sans vis \u00e0 vis (soumis \u00e0 conditions).<\/li>\n<\/ul>\n<\/div><\/div><\/div><\/div><\/div><div class=\"fusion-fullwidth fullwidth-box fusion-builder-row-2 fusion-flex-container nonhundred-percent-fullwidth non-hundred-percent-height-scrolling\" style=\"--awb-border-radius-top-left:0px;--awb-border-radius-top-right:0px;--awb-border-radius-bottom-right:0px;--awb-border-radius-bottom-left:0px;--awb-flex-wrap:wrap;\" ><div class=\"fusion-builder-row fusion-row fusion-flex-align-items-flex-start fusion-flex-content-wrap\" style=\"max-width:1216.8px;margin-left: calc(-4% \/ 2 );margin-right: calc(-4% \/ 2 );\"><div class=\"fusion-layout-column fusion_builder_column fusion-builder-column-2 fusion_builder_column_1_2 1_2 fusion-flex-column\" style=\"--awb-bg-size:cover;--awb-width-large:50%;--awb-margin-top-large:0px;--awb-spacing-right-large:3.84%;--awb-margin-bottom-large:20px;--awb-spacing-left-large:3.84%;--awb-width-medium:100%;--awb-order-medium:0;--awb-spacing-right-medium:1.92%;--awb-spacing-left-medium:1.92%;--awb-width-small:100%;--awb-order-small:0;--awb-spacing-right-small:1.92%;--awb-spacing-left-small:1.92%;\"><div class=\"fusion-column-wrapper fusion-column-has-shadow fusion-flex-justify-content-flex-start fusion-content-layout-column\"><div class=\"fusion-text fusion-text-4\"><blockquote>\n<p>TARIFS           (<span style=\"background-color: var(--testimonial_bg_color); color: var(--body_typography-color); font-family: var(--body_typography-font-family); font-size: var(--body_typography-font-size); font-weight: var(--body_typography-font-weight); letter-spacing: var(--body_typography-letter-spacing); text-align: var(--awb-content-alignment); text-transform: var(--awb-text-transform);\">\u00e0 partir de septembre 2024)<\/span><\/p>\n<\/blockquote>\n<ul>\n<li>20\u20ac la 1ere heure puis 15\u20ac\/ heure suppl\u00e9mentaire (7.5\u20ac\/30&prime; cons\u00e9cutives).<\/li>\n<li>\u00bd journ\u00e9e (4h cons\u00e9cutives max entre 8h30 et 13h ou entre 13.00 et 18.30) : 60\u20ac<\/li>\n<li>1 journ\u00e9e (9h30 cons\u00e9cutives max entre 8h30 et 18.30) : 110\u20ac<\/li>\n<li>2 journ\u00e9es cons\u00e9cutives 220\u20ac (entre 8h30 et 18.30 max )<\/li>\n<li>Stages de 5 jours cons\u00e9cutifs 475\u20ac journ\u00e9es entre 8h30 et 18h30 max<\/li>\n<li>Quelque soit la formule choisie, <b>paiement anticipatif<\/b> par versement sur le compte. (cf. convention d&rsquo;occupation)<\/li>\n<\/ul>\n<p style=\"padding-left: 40px;\"><u>Cours hebdomadaires en semaine durant l\u2019ann\u00e9e scolaire.<\/u><\/p>\n<ul>\n<li>Acc\u00e8s possible au local entre 9h et 21h30 maximum.<\/li>\n<li>18\u20ac 1ere heure puis 14\u20ac\/h suppl.<\/li>\n<li>Si il n\u2019y a pas de stages programm\u00e9s durant les cong\u00e9s scolaires la location pour cours hebdomadaire peut \u00eatre accept\u00e9e.<\/li>\n<li><b>Paiement anticipatif<\/b> par versement sur le compte en d\u00e9but de mois.<\/li>\n<\/ul>\n<blockquote>\n<p><b><span style=\"background-color: rgba(255, 255, 255, 0); color: var(--body_typography-color); font-family: var(--body_typography-font-family); font-size: var(--body_typography-font-size); font-style: var(--body_typography-font-style,normal); letter-spacing: var(--body_typography-letter-spacing);\">POUR RESERVER : <\/span><\/b><\/p>\n<\/blockquote>\n<p>La proposition compl\u00e8te de convention d\u2019occupation est disponible sur demande aupr\u00e8s de Jacqueline Habraken<\/p>\n<p>Mail : <a href=\"mailto:jacquelinehabraken@gmail.com\" target=\"_blank\" rel=\"noopener noreferrer\">jacquelinehabraken@gmail.com<\/a> ou GSM : 0497\/865 181<\/p>\n<\/div><\/div><\/div><div class=\"fusion-layout-column fusion_builder_column fusion-builder-column-3 fusion_builder_column_1_2 1_2 fusion-flex-column\" style=\"--awb-bg-size:cover;--awb-width-large:50%;--awb-margin-top-large:0px;--awb-spacing-right-large:3.84%;--awb-margin-bottom-large:20px;--awb-spacing-left-large:3.84%;--awb-width-medium:100%;--awb-order-medium:0;--awb-spacing-right-medium:1.92%;--awb-spacing-left-medium:1.92%;--awb-width-small:100%;--awb-order-small:0;--awb-spacing-right-small:1.92%;--awb-spacing-left-small:1.92%;\"><div class=\"fusion-column-wrapper fusion-column-has-shadow fusion-flex-justify-content-flex-start fusion-content-layout-column\"><div class=\"fusion-text fusion-text-5\"><blockquote>\n<p>Accessibilit\u00e9 :<\/p>\n<\/blockquote>\n<p>La maison est situ\u00e9e dans le quartier de Cointe au-dessus de la gare des Guillemins. Juste derri\u00e8re l&rsquo; Intermarch\u00e9 Mestdagh.<\/p>\n<p><b>Comment nous rejoindre :<\/b><\/p>\n<p><i><b>A pied<\/b><\/i><\/p>\n<ul>\n<li>A partir des Guillemins : Monter les escaliers dans la gare et, traverser le pont des Guillemins jusque Avenue de l\u2019Observatoire, tourner \u00e0 gauche et remonter l\u2019avenue, d\u00e9passer le n\u00b0 96, prendre \u00e0 droite le chemin pi\u00e9tonnier et monter par le parc, au 1er embranchement tourner \u00e0 droite jusqu\u2019au Bd Kleyer pour rejoindre le Intermarch\u00e9 Mestdagh. Longer le parking en gardant le b\u00e2timent \u00e0 droite. La maison est juste derri\u00e8re ce dernier.<\/li>\n<\/ul>\n<p><b><i>En bus :<\/i><\/b><br \/>\nLigne 20 Bruy\u00e8res<\/p>\n<ul>\n<li><span style=\"color: var(--body_typography-color); font-family: var(--body_typography-font-family); font-size: var(--body_typography-font-size); font-style: var(--body_typography-font-style,normal); font-weight: var(--body_typography-font-weight); letter-spacing: var(--body_typography-letter-spacing); background-color: rgba(255, 255, 255, 0);\">D\u00e9part<\/span>\n<ul>\n<li>D\u00e9part centre-ville : Li\u00e8ge Pont d\u2019Avroy ou <span style=\"color: var(--body_typography-color); font-family: var(--body_typography-font-family); font-size: var(--body_typography-font-size); font-style: var(--body_typography-font-style,normal); font-weight: var(--body_typography-font-weight); letter-spacing: var(--body_typography-letter-spacing); background-color: rgba(255, 255, 255, 0);\">Arr\u00eat de la Gare des Guillemins : rue du Plan Inclin\u00e9 143.<\/span><\/li>\n<li>Arriv\u00e9e &#8211; \u00ab Intermarch\u00e9 Mestdagh \u00bb de Cointe arr\u00eat Bd Montefiore ou &#8211; rue des Bruy\u00e8res 30<\/li>\n<\/ul>\n<\/li>\n<\/ul>\n<ul>\n<li>Retour\n<ul>\n<li>Arr\u00eats : \u2013 angle rue des Bruy\u00e8res et rue des Lauriers ou &#8211; Bd Montefiore, 5<\/li>\n<li>Arriv\u00e9e &#8211; Arr\u00eat Gare des Guillemins ou &#8211; Arr\u00eat Centre-ville Li\u00e8ge Pont d\u2019Avroy<\/li>\n<\/ul>\n<\/li>\n<\/ul>\n<p><b><i>En voiture <\/i><\/b><\/p>\n<ul>\n<li>Rue des Bruy\u00e8res, 4, 4000 Li\u00e8ge<\/li>\n<li><span style=\"background-color: rgba(255, 255, 255, 0);\"><font color=\"rgba(0, 0, 0, 0)\" face=\"var(--body_typography-font-family)\"><span style=\"font-style: var(--body_typography-font-style,normal); font-weight: var(--body_typography-font-weight); letter-spacing: var(--body_typography-letter-spacing);\">Larges possibilit\u00e9s de parking le long du trottoir, la rue en face, ou, sur le parking de<span style=\"color: rgb(186, 0, 0);\"> <\/span><\/span><\/font><span style=\"color: rgb(186, 0, 0);\">l&rsquo;Intermarch\u00e9<\/span><font color=\"rgba(0, 0, 0, 0)\" face=\"var(--body_typography-font-family)\"><span style=\"font-style: var(--body_typography-font-style,normal); font-weight: var(--body_typography-font-weight); letter-spacing: var(--body_typography-letter-spacing);\"> Mestdagh.<\/span><\/font><\/span><\/li>\n<\/ul>\n<\/div><\/div><\/div><\/div><\/div><\/p>\n","protected":false},"excerpt":{"rendered":"","protected":false},"author":2,"featured_media":0,"parent":0,"menu_order":0,"comment_status":"open","ping_status":"closed","template":"100-width.php","meta":{"footnotes":""},"class_list":["post-1430","page","type-page","status-publish","hentry"],"_links":{"self":[{"href":"https:\/\/douceurduson.com\/index.php?rest_route=\/wp\/v2\/pages\/1430","targetHints":{"allow":["GET"]}}],"collection":[{"href":"https:\/\/douceurduson.com\/index.php?rest_route=\/wp\/v2\/pages"}],"about":[{"href":"https:\/\/douceurduson.com\/index.php?rest_route=\/wp\/v2\/types\/page"}],"author":[{"embeddable":true,"href":"https:\/\/douceurduson.com\/index.php?rest_route=\/wp\/v2\/users\/2"}],"replies":[{"embeddable":true,"href":"https:\/\/douceurduson.com\/index.php?rest_route=%2Fwp%2Fv2%2Fcomments&post=1430"}],"version-history":[{"count":34,"href":"https:\/\/douceurduson.com\/index.php?rest_route=\/wp\/v2\/pages\/1430\/revisions"}],"predecessor-version":[{"id":1648,"href":"https:\/\/douceurduson.com\/index.php?rest_route=\/wp\/v2\/pages\/1430\/revisions\/1648"}],"wp:attachment":[{"href":"https:\/\/douceurduson.com\/index.php?rest_route=%2Fwp%2Fv2%2Fmedia&parent=1430"}],"curies":[{"name":"wp","href":"https:\/\/api.w.org\/{rel}","templated":true}]}}